he ten thousands digit of 622296?
2
What is the hundred thousands digit of 9441705?
4
What is the thousands digit of 7495392?
5
What is the hundred thousands digit of 301241?
3
What is the tens digit of 1722167?
6
What is the hundreds digit of 332132?
1
What is the units digit of 1792?
2
What is the hundred thousands digit of 11733504?
7
What is the hundred thousands digit of 2094509?
0
What is the thousands digit of 227501?
7
What is the tens digit of 5000699?
9
What is the hundreds digit of 5293483?
4
What is the ten thousands digit of 1210108?
1
What is the tens digit of 203997?
9
What is the hundreds digit of 3772289?
2
What is the ten thousands digit of 1068147?
6
What is the units digit of 6352465?
5
What is the tens digit of 5029741?
4
What is the millions digit of 5679757?
5
What is the ten thousands digit of 528602?
2
What is the ten thousands digit of 31432994?
3
What is the thousands digit of 442182?
2
What is the thousands digit of 3326491?
6
What is the tens digit of 2256907?
0
What is the hundred thousands digit of 613254?
6
What is the ten thousands digit of 541541?
4
What is the hundred thousands digit of 602040?
6
What is the tens digit of 3045711?
1
What is the hundreds digit of 162089?
0
What is the hundred thousands digit of 1899739?
8
What is the units digit of 161813?
3
What is the ten thousands digit of 12385861?
8
What is the units digit of 455821?
1
What is the hundreds digit of 1146919?
9
What is the hundreds digit of 1654028?
0
What is the hundred thousands digit of 7111957?
1
What is the millions digit of 2825887?
2
What is the hundreds digit of 53092?
0
What is the hundreds digit of 5386364?
3
What is the hundred thousands digit of 534204?
5
What is the ten thousands digit of 17303?
1
What is the ten thousands digit of 135910?
3
What is the units digit of 185879?
9
What is the tens digit of 11709013?
1
What is the thousands digit of 24847137?
7
What is the ten thousands digit of 978837?
7
What is the thousands digit of 614588?
4
What is the tens digit of 232672?
7
What is the units digit of 613263?
3
What is the thousands digit of 16628242?
8
What is the hundred thousands digit of 534017?
5
What is the hundred thousands digit of 5211835?
2
What is the hundreds digit of 841523?
5
What is the hundred thousands digit of 25822518?
8
What is the hundred thousands digit of 356305?
3
What is the units digit of 895609?
9
What is the tens digit of 52959?
5
What is the hundreds digit of 514355?
3
What is the hundred thousands digit of 396534?
3
What is the millions digit of 23728537?
3
What is the ten thousands digit of 80466?
8
What is the ten thousands digit of 5282190?
8
What is the ten thousands digit of 1812228?
1
What is the hundreds digit of 519796?
7
What is the tens digit of 3084857?
5
What is the hundreds digit of 265512?
5
What is the thousands digit of 4104639?
4
What is the ten thousands digit of 1866367?
6
What is the units digit of 211602?
2
What is the thousands digit of 184408?
4
What is the hundreds digit of 144106?
1
What is the ten thousands digit of 227533?
2
What is the thousands digit of 378621?
8
What is the thousands digit of 184353?
4
What is the hundreds digit of 3112392?
3
What is the tens digit of 406087?
8
What is the hundreds digit of 4822499?
4
What is the hundreds digit of 3246169?
1
What is the hundreds digit of 105976?
9
What is the tens digit of 132387?
8
What is the hundred thousands digit of 705614?
7
What is the units digit of 31953977?
7
What is the hundred thousands digit of 110621?
1
What is the tens digit of 61007?
0
What is the hundred thousands digit of 796081?
7
What is the hundreds digit of 26810?
8
What is the tens digit of 167765?
6
What is the thousands digit of 159872?
9
What is the hundreds digit of 539958?
9
What is the hundred thousands digit of 3680767?
6
What is the millions digit of 1891111?
1
What is the thousands digit of 2651?
2
What is the thousands digit of 474161?
4
What is the ten thousands digit of 1722112?
2
What is the units digit of 3539273?
3
What is the thousands digit of 83015?
3
What is the thousands digit of 12405512?
5
What is the tens digit of 15645233?
3
What is the tens digit of 238695?
9
What is the hundreds digit of 226028?
0
What is the ten thousands digit of 6315393?
1
What is the units digit of 2079197?
7
What is the ten thousands digit of 5160042?
6
What is the units digit of 16428103?
3
What is the tens digit of 9633426?
2
What is the hundred thousands digit of 123921?
1
What is the tens digit of 330029?
2
What is the tens digit of 406959?
5
What is the ten thousands digit of 38389501?
8
What is the tens digit of 290690?
9
What is the hundreds digit of 7262964?
9
What is the thousands digit of 180073?
0
What is the units digit of 1721525?
5
What is the ten thousands digit of 380832?
8
What is the units digit of 5179242?
2
What is the units digit of 1665506?
6
What is the tens digit of 1014676?
7
What is the ten millions digit of 12077291?
1
What is the units digit of 170566?
6
What is the units digit of 520293?
3
What is the hundred thousands digit of 5186057?
1
What is the units digit of 697826?
6
What is the ten thousands digit of 3646280?
4
What is the hundred thousands digit of 1734837?
7
What is the hundreds digit of 19097?
0
What is the ten thousands digit of 863908?
6
What is the thousands digit of 2345438?
5
What is the tens digit of 7265459?
5
What is the millions digit of 5670260?
5
What is the ten thousands digit of 21523958?
2
What is the units digit of 366583?
3
What is the thousands digit of 71192?
1
What is the ten thousands digit of 419551?
1
What is the ten thousands digit of 15679534?
7
What is the ten thousands digit of 534899?
3
What is the hundreds digit of 200571?
5
What is the hundreds digit of 14845330?
3
What is the tens digit of 2792506?
0
What is the hundreds digit of 9903474?
4
What is the ten thousands digit of 208977?
0
What is the tens digit of 8583724?
2
What is the thousands digit of 8556161?
6
What is the units digit of 396312?
2
What is the tens digit of 144729?
2
What is the units digit of 131823?
3
What is the hundreds digit of 524428?
4
What is the ten thousands digit of 323550?
2
What is the hundred thousands digit of 808695?
8
What is the tens digit of 8392989?
8
What is the hundred thousands digit of 1373126?
3
What is the tens digit of 240959?
5
What is the tens digit of 587949?
4
What is the thousands digit of 550065?
0
What is the ten thousands digit of 145011?
4
What is the hundred thousands digit of 4455935?
4
What is the units digit of 189651?
1
What is the thousands digit of 3451150?
1
What is the tens digit of 35436517?
1
What is the hundred thousands digit of 27047994?
0
What is the hundred thousands digit of 923787?
9
What is the units digit of 267413?
3
What is the tens digit of 472848?
4
What is the units digit of 629512?
2
What is the ten thousands digit of 5486243?
8
What is the ten thousands digit of 1041130?
4
What is the ten thousands digit of 3858513?
5
What is the thousands digit of 9921766?
1
What is the hundred thousands digit of 664484?
6
What is the tens digit of 6412732?
3
What is the hundreds digit of 903213?
2
What is the thousands digit of 158793?
8
What is the millions digit of 1740807?
1
What is the units digit of 990786?
6
What is the hundred thousands digit of 2979646?
9
What is the tens digit of 3004506?
0
What is the ten thousands digit of 3727949?
2
What is the hundred thousands digit of 1495781?
4
What is the hundred thousands digit of 500152?
5
What is the units digit of 504112?
2
What is the hundreds digit of 11955267?
2
What is the tens digit of 45194?
9
What is the ten thousands digit of 1579540?
7
What is the millions digit of 1189648?
1
What is the ten thousands digit of 9034033?
3
What is the hundred thousands digit of 485440?
4
What is the thousands digit of 61216?
1
What is the hundreds digit of 221681?
6
What is the ten thousands digit of 839339?
3
What is the millions digit of 8670193?
8
What is the hundreds digit of 97105?
1
What is the units digit of 51937?
7
What is the units digit of 984161?
1
What is the millions digit of 20503259?
0
What is the ten thousands digit of 2257009?
5
What is the units digit of 4826292?
2
What is the hundreds digit of 9